96 a multiple of 4?
True
Is 161 a multiple of 10?
False
Does 8 divide 9872?
True
Is 20 a factor of 70180?
True
Is 5191 a multiple of 29?
True
Is 20 a factor of 2341?
False
Is 19841 a multiple of 36?
False
Is 11279 a multiple of 48?
False
Does 3 divide 18889?
False
Is 60 a multiple of 2?
True
Is 393 a multiple of 38?
False
Is 103 even?
False
Is 6717 a multiple of 5?
False
Is 14 a factor of 2649?
False
Is 87 a factor of 1479?
True
Is 777 a multiple of 37?
True
Does 45 divide 810?
True
Does 58 divide 696?
True
Is 7416 a multiple of 18?
True
Is 7 a factor of 615?
False
Is 1818 a multiple of 34?
False
Is 1856 a multiple of 7?
False
Is 194 a factor of 15908?
True
Is 1560 a multiple of 40?
True
Is 7797 a multiple of 69?
True
Is 154116 a multiple of 108?
True
Is 21 a factor of 927?
False
Is 49 a factor of 3129?
False
Is 26 a factor of 858?
True
Is 808 a multiple of 8?
True
Is 3 a factor of 29?
False
Is 860 a multiple of 75?
False
Is 235 a factor of 46762?
False
Is 214 a multiple of 108?
False
Is 84 a factor of 21672?
True
Is 16 a factor of 2224?
True
Is 897 a multiple of 39?
True
Is 11172 a multiple of 84?
True
Is 2868 a multiple of 5?
False
Does 26 divide 2782?
True
Is 2983 a multiple of 77?
False
Is 4932 even?
True
Does 18 divide 10384?
False
Is 62 a factor of 186?
True
Is 35 even?
False
Is 57 a factor of 3534?
True
Is 31560 a multiple of 15?
True
Is 22 a factor of 7744?
True
Is 44289 a multiple of 21?
True
Is 19 a factor of 3064?
False
Does 9 divide 34056?
True
Is 5985 a multiple of 35?
True
Is 1176 a multiple of 14?
True
Does 23 divide 3318?
False
Does 25 divide 8225?
True
Is 10127 a multiple of 41?
True
Is 8 a factor of 6192?
True
Does 12 divide 1776?
True
Is 918 a multiple of 54?
True
Is 473 a multiple of 45?
False
Is 28988 a multiple of 21?
False
Is 7 a factor of 441?
True
Is 9702 a multiple of 14?
True
Is 830 a multiple of 10?
True
Is 38 a factor of 1051?
False
Is 5355 a multiple of 51?
True
Is 316 a multiple of 4?
True
Is 4847 a multiple of 47?
False
Is 16429 a multiple of 69?
False
Is 10707 a multiple of 99?
False
Is 22763 a multiple of 48?
False
Is 21 a factor of 1491?
True
Is 26 a factor of 225?
False
Is 16 a factor of 14272?
True
Does 14 divide 2912?
True
Is 747 a multiple of 65?
False
Does 51 divide 22797?
True
Does 6 divide 397?
False
Is 77 a factor of 7404?
False
Does 10 divide 5730?
True
Is 636 a multiple of 12?
True
Is 3 a factor of 8955?
True
Is 54 a factor of 19116?
True
Is 26 a factor of 3049?
False
Is 722 a multiple of 15?
False
Is 1078 a multiple of 68?
False
Is 8 a factor of 4317?
False
Does 12 divide 4331?
False
Is 100633 a multiple of 57?
False
Is 61 a factor of 5795?
True
Is 2 a factor of 1093?
False
Is 5564 a multiple of 34?
False
Is 19 a factor of 3110?
False
Is 845 a multiple of 58?
False
Does 7 divide 14?
True
Is 12 a factor of 1428?
True
Is 42 a factor of 60018?
True
Is 90143 a multiple of 98?
False
Is 34 a factor of 464?
False
Is 87 a factor of 6351?
True
Is 12 a factor of 720?
True
Is 24 a factor of 22012?
False
Is 13 a factor of 718?
False
Is 34 a factor of 748?
True
Is 37 a factor of 7638?
False
Is 4446 a multiple of 18?
True
Is 6 a factor of 2220?
True
Does 41 divide 5043?
True
Does 14 divide 2906?
False
Is 20898 a multiple of 17?
False
Is 22160 a multiple of 30?
False
Is 3938 a multiple of 71?
False
Is 45 a factor of 3285?
True
Does 7 divide 672?
True
Is 4035 a multiple of 118?
False
Is 997 a multiple of 9?
False
Does 8 divide 55520?
True
Does 17 divide 1343?
True
Is 80 a factor of 15280?
True
Is 6055 a multiple of 30?
False
Is 33 a factor of 6996?
True
Is 1170 a multiple of 13?
True
Is 45 a factor of 8190?
True
Is 37 a multiple of 37?
True
Is 14 a factor of 19460?
True
Is 1216 a multiple of 32?
True
Does 6 divide 576?
True
Is 50 a factor of 1632?
False
Is 2592 a multiple of 72?
True
Is 23 a factor of 690?
True
Does 65 divide 1040?
True
Is 238 a multiple of 17?
True
Does 12 divide 37702?
False
Does 98 divide 3815?
False
Does 6 divide 12?
True
Is 74 a factor of 3626?
True
Does 75 divide 4039?
False
Is 22045 a multiple of 14?
False
Is 312 a multiple of 13?
True
Is 13 a factor of 668?
False
Is 55 a factor of 2090?
True
Is 8 a factor of 280?
True
Is 17 a factor of 6154?
True
Does 147 divide 31311?
True
Does 24 divide 648?
True
Is 45 a multiple of 45?
True
Is 684 a multiple of 9?
True
Is 37 a factor of 370?
True
Does 52 divide 357?
False
Does 50 divide 44000?
True
Is 313 a multiple of 26?
False
Is 134 a multiple of 5?
False
Does 33 divide 20175?
False
Is 726 a multiple of 22?
True
Is 7124 a multiple of 137?
True
Does 31 divide 2249?
False
Is 11916 a multiple of 9?
True
Is 3 a factor of 63?
True
Does 4 divide 3113?
False
Is 2520 a multiple of 45?
True
Is 7 a factor of 78?
False
Does 8 divide 824?
True
Is 4284 a multiple of 17?
True
Is 16 a factor of 464?
True
Is 55166 a multiple of 79?
False
Does 12 divide 336?
True
Is 210 a multiple of 4?
False
Does 6 divide 1200?
True
Does 30 divide 2795?
False
Does 35 divide 28105?
True
Is 5 a factor of 1540?
True
Is 1120 a multiple of 16?
True
Does 78 divide 2927?
False
Does 79 divide 4898?
True
Is 9 a factor of 835?
False
Is 51 even?
False
Is 690 a multiple of 23?
True
Is 40350 a multiple of 10?
True
Does 20 divide 4321?
False
Does 3 divide 3295?
False
Is 23662 a multiple of 18?
False
Does 16 divide 7448?
False
Does 13 divide 1149?
False
Does 185 divide 1480?
True
Is 146 a factor of 19856?
True
Is 63 a factor of 980?
False
Is 87 a factor of 3741?
True
Is 864 a multiple of 27?
True
Is 56 a multiple of 6?
False
Does 56 divide 56056?
True
Is 30 a factor of 6570?
True
Is 32 a multiple of 16?
True
Is 107155 a multiple of 55?
False
Does 9 divide 19494?
True
Does 37 divide 259?
True
Is 1060 a multiple of 28?
False
Does 4 divide 175?
False
Is 229 a multiple of 6?
False
Does 4 divide 732?
True
Is 21879 a multiple of 117?
True
Is 13 a factor of 793?
True
Is 1926 a multiple of 25?
False
Does 23 divide 4163?
True
Does 9 divide 48312?
True
Is 418 a multiple of 11?
True
Is 80 a factor of 3040?
True
Does 34 divide 434?
False
Is 845 a multiple of 47?
False
Does 6 divide 1827?
False
Is 47 a factor of 1316?
True
Does 38 divide 4674?
True
Is 6717 a multiple of 174?
False
Does 37 divide 518?
True
Is 11700 a multiple of 18?
True
Is 11348 a multiple of 130?
False
Is 19 a factor of 8588?
True
Is 1624 a multiple of 9?
False
Does 3 divide 68?
False
Is 8820 a multiple of 28?
True
Does 220 divide 28358?
False
Is 41 a factor of 2580?
False
Is 5394 a multiple of 31?
True
Is 33839 a multiple of 21?
False
Is 17 a factor of 7577?
False
Is 13147 a multiple of 163?
False
Does 13 divide 1871?
False
Is 79 a multiple of 35?
False
Does 52 divide 5152?
False
Is 36709 a multiple of 58?
False
Is 30 a factor of 6150?
True
Is 8 a factor of 79?
False
Is 755 a multiple of 10?
False
Is 29175 a multiple of 15?
True
Does 15 divide 390?
True
Is 37 a factor of 8066?
True
Is 100 a multiple of 25?
True
Does 67 divide 1407?
True
Is 11 a factor of 11748?
True
Is 2633 a multiple of 3?
False
Does 41 divide 136243?
True
Does 91 divide 14105?
True
Is 5204 a multiple of 76?
False
Is 33 a factor of 450?
False
Does 47 divide 11515?
True
Is 92 a multiple of 5?
False
Does 70 divide 8260?
True
Is 8 a factor of 13792?
True
Does 6 divide 50?
False
Is 11 a factor of 1709?
False
Does 22 divide 352?
True
Is 8656 a multiple of 7?
False
Is 26348 a multiple of 97?
False
Is 28403 a multiple of 17?
False
Is 2 a factor of 51?
False
Is 331 a multiple of 7?
False
Does 59 divide 2124?
True
Is 1222 a multiple of 6?
False
Is 360 a multiple of 8?
True
Is 8082 a multiple of 12?
False
Does 68 divide 29155?
False
Is 24 a factor of 28560?
True
Is 52 a factor of 3321?
False
Is 43 a multiple of 10?
False
Is 9 a factor of 27078?
False
Is 377 a factor of 111322?
False
Does 3 divide 55?
False
Does 145 divide 68150?
True
Is 24 a factor of 1448?
False
Is 71 a multiple of 33?
False
Is 254 a multiple of 127?
True
Is 1232 a multiple of 11?
True
Is 266 a multiple of 4?
False
Is 2171 a multiple of 23?
False
Is 2525 a multiple of 17?
False
Is 7 a factor of 399?
True
Does 108 divide 69489?
False
Is 12 a factor of 6672?
True
Does 37 divide 1924?
True
Is 90 a factor of 6660?
True
Is 43815 a multiple of 69?
True
Is 28 a factor of 22097?
False
Is 1917 a multiple of 58?
False
Do